e -v + 48 = -101. Suppose -3*g + v = 3*f - 250, -2*f = 3*g - 268. Calculate the remainder when f is divided by 45.
41
Suppose 0 = 4*b + 2*b - 18. Suppose 3*c = b*u + 21, -2*c + 3*u - 5 = -22. Calculate the remainder when c is divided by 3.
1
Let g(s) = 7*s - 13. Suppose 6*k = k + 15. Let y(p) = -p**3 + 7*p**2 + 10*p - 11. What is the remainder when g(k) is divided by y(8)?
3
Suppose 0 = -4*g - 4*o + 48, 0 = -3*g + o + 3*o + 29. Let d = -2480 + 2522. What is the remainder when d is divided by g?
9
What is the remainder when (-1)/(-4) + -716*(-4)/64 is divided by 4/12*6 + 14/1?
13
Suppose -3*j = -2*s - 38, -3*s + 9 = -3*j + 51. Let a = 1 + -4. Let t = j - a. Calculate the remainder when t is divided by 7.
6
Calculate the remainder when 62/(-372)*(-653 - 1) is divided by 5.
4
Suppose 4*j + 12*j - 539 = 5*j. Calculate the remainder when 0 + ((-95)/(-1) - -1) is divided by j.
47
Let p = 567 + -402. Suppose -5*o = 5*d - p, 0 = 5*d - 2*o + 4*o - 168. Let c(x) = 2*x**2 - 2*x - 3. What is the remainder when d is divided by c(3)?
7
Let h(n) = 3*n**2 - 3*n - 11. Let w(z) = z**2 - z - 1. Let r(y) = h(y) - 2*w(y). What is the remainder when 165 is divided by r(6)?
18
Suppose 0*a - 2*a + 448 = 5*p, 3*p - 276 = -3*a. Suppose p = -10*d + 12*d. Calculate the remainder when d is divided by 12.
8
Suppose -4*z - z = 55. Let d = -9 - z. Suppose -d*b = -13 + 3. Calculate the remainder when 17 is divided by b.
2
Let f = 93 + -34. Let h(g) = -g**2 + 3*g + 12. Let q be h(5). Suppose -i + 3 = 3*t, -q*i - 2*t + 18 = t. What is the remainder when f is divided by i?
14
Let g = -40 - -98. Calculate the remainder when 288 is divided by g.
56
Let o = 9 - 4. What is the remainder when 1/(-6) - 871/(-78) is divided by o?
1
Let l(f) = -26*f**3 + 3*f**2 - 3*f - 3. What is the remainder when 51 is divided by l(-1)?
22
Suppose 2*m = 5*m. Suppose 5*j - 114 - 76 = m. Calculate the remainder when j is divided by 10.
8
Let p = 28 + -26. Let u(h) = 11*h**3 - 2. What is the remainder when u(p) is divided by 29?
28
Suppose -5*a + 63 = -2*m, 37 - 13 = 4*a + 5*m. Calculate the remainder when 19 is divided by a.
8
Let t = -8 + 13. Suppose 23 + 42 = t*i. Calculate the remainder when (-3 - -9)*55/15 is divided by i.
9
Suppose f - x = 326, 12*f - 5*x + 946 = 15*f. Calculate the remainder when f is divided by 18.
16
Suppose 0 = -n + 55 + 31. Let q = n + -74. Calculate the remainder when 119 is divided by q.
11
Suppose 4*d = 106 + 10. Let m = -74 - -90. What is the remainder when d is divided by m?
13
Let l be (9/6)/(3/((-6)/(-1))). Suppose 3*z = -l*c + 93, -5 - 22 = -z + c. Calculate the remainder when 77 is divided by z.
19
Suppose 0*d + 2*d - 10 = 2*c, 5*d - c = 17. Suppose 0 = 2*b + d*u - 217, -2*b - 2*u + 215 = -u. Calculate the remainder when b is divided by 3/((-2)/18*-1).
26
Let y(n) = 16*n - 50. Let z(j) = -j**3 + 4*j**2 - 2*j - 2. Let a be z(2). Suppose -12 = -i - a*i. What is the remainder when y(4) is divided by i?
2
Calculate the remainder when 13 is divided by 16 - (-3 - (-3 - 3)).
0
Let w(u) = 4*u**2 + 4*u**3 + 4*u + u**3 + 3*u**3 - 9*u**3. What is the remainder when 79 is divided by w(4)?
15
Suppose -4*z - 14 = -11*z. Suppose -z*a + 2 = 4. What is the remainder when 9 is divided by (-27)/(-18) + a/(-2)?
1
Let c be 1 - -23 - 1/1. Suppose 65 = -17*w + 99. Suppose 13 = o - 0*f + w*f, o + 4*f = c. What is the remainder when 7 is divided by o?
1
Let a = 109 + -94. Suppose -2*g = -a - 13. Let h(k) = k**2 - 2*k + 2. Calculate the remainder when h(6) is divided by g.
12
Suppose -3*z + 4*z - 30 = 0. Suppose -2*j + 3*b + z = -17, -1 = b. What is the remainder when 42 is divided by j?
20
Suppose 2 - 22 = -5*x, -6*r + x + 176 = 0. What is the remainder when 538 is divided by r?
28
Let a be (-10040)/(-180) - (-4)/18. Let n be (10/(-4))/((-14)/a). Suppose 2*d - l - 6 = 0, d - 3 = -2*l + n. Calculate the remainder when d is divided by 3.
2
Let w(a) = 2*a**2 + 10*a - 10. Let d be 26*2/(-10) + 4/(-5). Calculate the remainder when 6 is divided by w(d).
0
Let g = -20 - -30. Suppose 0 = 5*u - g - 10. Suppose 2*w - 4*o = 44, 0 = 3*w + 2*o + 4 - 38. What is the remainder when w is divided by u?
2
What is the remainder when 1618*(-1)/(-6) - 6/(-18) is divided by 17?
15
Suppose 11 = 2*x + 85. Suppose 161 = -v + 3*v + 3*k, 0 = -2*v + 3*k + 155. Let b = v + x. Calculate the remainder when b is divided by 15.
12
Let i(a) = -a**2 - 4*a + 1. Let o be i(-5). Let m(p) be the first derivative of -3*p**2 - p - 1. Calculate the remainder when m(o) is divided by 8.
7
What is the remainder when 71 is divided by (-8)/((-96)/45)*60/9?
21
Let z(x) = -2*x**3 + 64*x**2 + 70*x + 10. Calculate the remainder when z(33) is divided by 24.
22
Suppose 0 = 4*h - 5*k + 1007, -h - 3*k - 335 + 96 = 0. Let m = h + 565. What is the remainder when m/4 + 3/(-12) is divided by 20?
19
Let s be -71*-1*8/20*5. Let g = -133 + s. What is the remainder when 10 is divided by g?
1
Suppose 5*c - o - 53 = 0, 2*c + 0*c = -3*o + 11. Suppose 6 = r + c. Calculate the remainder when 20 is divided by ((-14)/(-1) - -1) + r.
9
Let q(m) = 2*m**2 - 4*m - 2. Let c be q(-3). Let o = c + -5. Calculate the remainder when 79 is divided by o.
10
Let z = 35 - 26. Calculate the remainder when 0 - -27 - 28/7 is divided by z.
5
Let h be -3 + 4 - -2 - -136. Let g = -110 + h. Calculate the remainder when g is divided by 17.
12
What is the remainder when 130 is divided by ((-38)/(-10))/(21/105)?
16
Let d be 1/(-2)*(-3 - 1). Let o = -21 - -33. Calculate the remainder when d/2 - (-102)/3 is divided by o.
11
Let x = 61 - 40. Let g = -35 + x. What is the remainder when 13 is divided by (-33)/(-6) + 7/g?
3
Let g be -2 + 4 + (-1 - 9). Let d(p) = p**2 + 9*p + 4. Let v be d(g). Let c(z) = z**3 + 5*z**2 + 2*z + 3. Calculate the remainder when 54 is divided by c(v).
10
Let n(x) be the first derivative of -1/2*x**2 + 6*x - 5. What is the remainder when 8 is divided by n(3)?
2
Let l = -7716 - -7724. Calculate the remainder when 1*6*14/4 is divided by l.
5
Let u = 77 + -36. Suppose 22 = -3*h + 3*w - 35, -2*h = -4*w + 48. What is the remainder when u is divided by ((-4)/(-6))/(h/(-231))?
8
Let y(z) = -z**3 - 7*z**2 + 12*z - 39. Calculate the remainder when 39 is divided by y(-9).
9
Calculate the remainder when (-107)/(1 - (-1 - -3)) is divided by -2 + 564/27 + (-1)/(-9).
12
Let o = -211 + 233. What is the remainder when 56 is divided by o?
12
Let o be 262/3 + 20/(-15). Suppose 3*z - 1 - o = 0. Let k(v) = -v + 57. Calculate the remainder when k(0) is divided by z.
28
Suppose -4*h = 5*n + 7, h = -h - n + 1. Suppose -h*c = c + 9. Let i = 6 + c. Calculate the remainder when 11 is divided by i.
2
Let l = 1108 + -988. Suppose -4*h - o + 102 = -26, 3*h - 5*o = 73. What is the remainder when l is divided by h?
27
Let n be 32*(-2 + (-3)/(-12)). Suppose -2*z = -4*z + 70. Calculate the remainder when z is divided by 6/18 + n/(-3).
16
Let p = 137 + -135. Suppose -3*g - 7 = -0*c - 4*c, 3*g - 5*c = -11. Calculate the remainder when (p + 0 - g)*-26 is divided by 14.
12
Let w(o) = o - 4. Let q be w(7). What is the remainder when 85 is divided by (0 + q/6)*58?
27
Suppose 2*f - 147 = 3*p, -f + 84 = -0*f - 5*p. Calculate the remainder when f is divided by 35.
34
Let h = 340 - 313. Calculate the remainder when 143 is divided by h.
8
Let t = 1085 + -913. What is the remainder when t is divided by 51?
19
Let g be (1 - 0 - 0) + (14 - 11). Suppose 0 = 9*s - g*s - 405. Calculate the remainder when s is divided by 21.
18
Suppose -g - 2*x + 165 = 0, 2*g - 193 = 4*x + 113. Suppose -163 + 223 = 6*a. What is the remainder when g is divided by a?
9
Suppose 0 = -17*w + 6*w + 3047. What is the remainder when w is divided by 28?
25
Let l be -8*(2/(-8) + -4 + 1). Suppose -s + l = -13. Suppose 3*r = 226 - 1. What is the remainder when r is divided by s?
36
Let t = -44 + 23. Let s(j) = j**2 + 12*j. Let h be s(-7). Let b = t - h. What is the remainder when 39 is divided by b?
11
Suppose -9*c - 8*c + 12*c + 315 = 0. Let m = 11 + 3. What is the remainder when c is divided by m?
7
Let j be 3/(-2)*(-8)/6. Suppose j*k - 4 = -m + 5, -23 = -3*m - 4*k. Suppose -m*z + z = -72. Calculate the remainder when z is divided by 10.
8
Suppose 5*o + 85 - 101 = 3*o. Let t(n) = -n**2 - 5*n. What is the remainder when o is divided by 